p) be the second derivative of p**3/6 - 13*p**2/2 - p. Let f(c) = 3*c - 8. Let n be f(-5). Let k(d) = d**2 + 22*d - 17. Let h be k(n). Determine w(h).
-7
Let r(c) = -c - 1. Let g(d) be the third derivative of d**4/8 + 5*d**3/3 + 15*d**2. Let q(y) = g(y) + 4*r(y). Suppose 3*j = 2*j. Calculate q(j).
6
Let o be (-3)/(3/(-1) + 4). Let l be o/((-2)/2*1). Let d(q) = q**3 - q**2 - 3*q - 3. Give d(l).
6
Let h = -192 - -184. Let r(j) = j**3 + 9*j**2 + 5*j + 2. Calculate r(h).
26
Let d(g) = 2*g**2 + g + 1. Suppose 310 = -12*j + 358. Give d(j).
37
Let r(v) = v**3 + 5*v**2 + v - 9. Let i be 98/196 - (-2 - (-11)/2). What is r(i)?
6
Let u(b) be the first derivative of 3*b**2/2 + 7*b - 23. Determine u(-3).
-2
Let p(s) be the second derivative of s**3/2 + s**2/2 - 62*s + 1. Calculate p(-2).
-5
Let n(y) be the second derivative of y**4/6 - 5*y**3/6 + 3*y**2 - 10*y + 1. What is n(4)?
18
Let h = -1790 - -1792. Let u(t) = -t**3 - 2*t**2 + 5*t - 4. Calculate u(h).
-10
Let i = -5 - -14. Suppose -a = -3 + i. Let t be -1 + 2*3/a. Let n(g) = g**2 + 5*g + 2. Give n(t).
-4
Let d(i) = i**2 + 7*i + 4. Let a be (-1)/((-4)/(-144)*4). Let k be (3 + -6)*3/a. Let p be k/(-2) + (-36)/8. Calculate d(p).
-6
Let x(w) = w**3 - w**2 + w - 1. Let p(d) = 4*d**3 - 3*d**2 + 5*d - 2. Let k(y) = p(y) - 3*x(y). Give k(-1).
-2
Let x(i) = 5*i + i**3 + 15 - 3*i + 1126*i**2 - 1119*i**2 + i. Determine x(-7).
-6
Let d(a) be the second derivative of 0*a**2 - 7/12*a**4 + 0 + 2*a + 1/6*a**3. Let y(t) = -2*t**3 - 5*t**2 + 10*t + 22. Let b be y(-3). Determine d(b).
-6
Suppose 6*l = 3*l - 6. Let o(k) = -5*k + 7. Let b(a) = 9*a - 12. Let x(c) = 4*b(c) + 7*o(c). Let u(d) = d. Let s(i) = -3*u(i) + x(i). What is s(l)?
5
Let w(z) be the first derivative of -z**2 - 1/4*z**4 + 2*z**3 + 18 - 4*z. Determine w(5).
11
Let q = 231 - 237. Let d(j) = j**3 + 7*j**2 + 6*j - 3. Calculate d(q).
-3
Let c(a) = 18*a - a**2 - 34*a + 21*a - 3. Suppose -12 = -2*n + 5*g, 0*g = 2*n - 4*g - 14. Suppose -n*m = -13*m + 4. Give c(m).
3
Let q(a) = a + 2. Let c(d) = 9*d - 55. Let r be c(6). What is q(r)?
1
Let p = 48 - 91. Let b = p + 39. Let z(t) be the third derivative of t**5/60 + t**4/6 + t**3/3 + t**2. What is z(b)?
2
Suppose 10 = n + 3*j, n + 5*j - j - 13 = 0. Let o(l) = -2 + 1 - 66*l**3 + 59*l**3 + 2. Determine o(n).
-6
Let y(s) = -3*s**2 - 2*s**2 + 4*s**2. Let b(d) = 7*d**2 + 5*d + 5. Let n(c) = b(c) + 6*y(c). Let i = 1280 + -1284. Calculate n(i).
1
Let k(v) = v**2 - 9. Let z = 632 + -632. What is k(z)?
-9
Let x(z) be the first derivative of z**2/2 - 7*z + 1. Let q(f) = 77*f - 1301. Let b be q(17). Give x(b).
1
Let t(k) = 29*k - 346. Let m be t(12). Let s(f) = -2*f + 3. Let w(n) = 10*n - 16. Let l(o) = -16*s(o) - 3*w(o). Give l(m).
4
Suppose 10*h - 67 = 33. Let r(n) = n**3 - 9*n**2 - 9*n - 11. What is r(h)?
-1
Suppose 4*j - 24 + 0 = 0. Suppose -4*q = -j*q + 4. Suppose 3*o - 6 = -2*k, -5 = q*o - 1. Let z(x) = x**2 - 3*x - 7. Give z(k).
11
Let b(t) = -2*t. Let l(c) = -6*c**3 - c**2 + 5*c - 4. Let w be l(1). Give b(w).
12
Let f(h) = h. Let z = -52 + 70. Let q(u) = 2*u**2 - 36*u + 8. Let t be q(z). What is f(t)?
8
Suppose -f + 6*f = -10. Let g(j) = 8*j + 0*j - 2 - 9*j - j**2. Give g(f).
-4
Let r(f) = 7*f**2 + 3*f + 2. Let b be r(-1). Let s(i) = -2*i**2 + 13 + i**3 - 6 - i**2 - b. Calculate s(4).
17
Let q(c) be the first derivative of 2*c**4/3 - c**3/6 + c**2/2 - 23*c - 11. Let p(y) be the first derivative of q(y). Determine p(1).
8
Let l(t) be the first derivative of -t**4 + t**3/3 + t**2/2 + 2. Let g be l(-1). Let a(k) = 5*k + 3 + 5 - 3 - g*k. Calculate a(-5).
0
Let w(g) = -11*g + 1. Let a(f) = 39*f - 3. Let b(x) = -2*a(x) - 7*w(x). Give b(3).
-4
Let w be -45*(12/20)/(-1). Suppose -2*p = -5*b - p + w, -5*b - 5*p + 15 = 0. Let u(s) = -6*s + 3*s**2 - 2*s**2 + 3*s**2 - 5*s**2 - b. Calculate u(-5).
0
Let n(c) = 26*c + 16*c + c**3 + 28*c - 96*c + 22*c - 2 - 5*c**2. Let a(d) = -d**3 - d + 6. Let y be a(0). Calculate n(y).
10
Let c(b) = -b**2 + 8*b + 2. Let m(o) = 3*o + 3. Let l be m(-2). Let j be (-1)/(30/(-245)) - l/(-18). What is c(j)?
2
Let d(p) = p**3 + p. Let q(f) = -4*f**3 + 3. Let b(z) = z**2 + 6*z + 2. Let m be b(-5). Let n(j) = m*d(j) - q(j). Calculate n(-2).
-5
Let f(k) = 35*k**2 - 17*k**2 - 15*k**2 - 1. Determine f(-1).
2
Let b be -7*(4/4 + -1 + -11). Let y = -74 + b. Let t(a) = a - 1. Give t(y).
2
Let d(i) = -7*i + 5. Let j(h) = -h**3 + 5*h**2 - 3*h + 17. Let t be j(5). Calculate d(t).
-9
Let o(w) be the second derivative of -3*w**3/2 - w**2 - 5*w. Suppose 14 = 95*d - 102*d. Calculate o(d).
16
Let r = 24 + -21. Let z(q) = 3*q**r + 52*q - 2*q**3 + 6*q**2 - 59*q + 4. Give z(-7).
4
Let b = -774 + 767. Let v(p) = -9*p - 24. Calculate v(b).
39
Let y(u) = u - 21. Let h be y(16). Let q(r) = -r**2 - 4*r + 7. Give q(h).
2
Let v = -11 + 15. Let n be 1 - (-3 - (4 - 8)). Suppose -3*l - v = x, n = -0*x + 5*x + 2*l + 20. Let c(p) = p**2 + 3*p - 4. Give c(x).
0
Let n = -4 + 10. Let h(k) = 2*k - 15. Let a(w) = -w + 7. Let d(z) = 2*z - 10. Let g be d(3). Let j(c) = g*h(c) - 9*a(c). Calculate j(n).
3
Let a = 11 + -5. Let x(v) = -5*v**2 - 7*v + 5. Let b(y) = 3*y**2 + 5*y - 3. Let s(r) = 8*b(r) + 5*x(r). Calculate s(a).
-5
Let q(y) be the first derivative of y**3/3 + 7*y**2/2 + y - 83. Let j(s) = s - 2. Let v be j(-6). Calculate q(v).
9
Let h(r) = 8*r + 5. Let k(g) = 19*g + 12. Let i(u) = -7*h(u) + 3*k(u). What is i(4)?
5
Let x(b) = -b**2 - 9*b - 4. Let z = 1559 - 1569. Give x(z).
-14
Let n = -838 - -846. Let p(m) = -m**3 + 9*m**2 - 9*m + 10. Calculate p(n).
2
Let g be (-3)/(-4)*(-40)/(-10). Let c(i) = -i**3 + 2*i + i - g*i + 4*i**2 - i. What is c(4)?
-4
Let r(m) = m**3 - 3*m**2 - 4*m - 4. Let h = 4 - 2. Suppose 4*w + 2 = -10, -h*w - 3 = v. Suppose 0 = 5*n + v*d - 29, 4*d - 2*d + 6 = 3*n. Give r(n).
-4
Suppose -10*z = -8*z - 2*c - 14, -4*z + 27 = -3*c. Let j(r) = -3*r - 5. Let t(h) = -3*h - 6. Let w(s) = 5*j(s) - 4*t(s). Give w(z).
-19
Let s(o) = o - 21. Let m = 992 - 986. What is s(m)?
-15
Let k(c) = c**2 + 8*c - 9. Let s(p) = p - 13. Let m be s(4). Let j be 27*(12/m - -1). What is k(j)?
0
Let k(s) = s**3 - 2*s**2 - 5*s + 6. Suppose -2*g + 10 = 4. Calculate k(g).
0
Let w = -256 + 258. Let o(y) = -y**2 + 2*y - 1. Calculate o(w).
-1
Let v(o) be the second derivative of o**3/3 + 3*o**2 + 547*o - 1. Let w = 4 + -11. Calculate v(w).
-8
Let q(g) = -5*g**3 + 133*g**2 - 14. Let r(f) = -2*f**3 + 47*f**2 - 5. Let z(a) = -6*q(a) + 17*r(a). Suppose -1 = -h - 0. Determine z(h).
-4
Let c(k) = -k**2 - 2*k + 7. Let v be c(2). Let t(p) = -4*p**2 + 1. Give t(v).
-3
Suppose 0 = 3*i - 33*v + 38*v - 22, -4*i = -4*v - 8. Let x(d) be the second derivative of 1/6*d**i - 1/20*d**5 + 0 + 0*d**3 - 8*d - 1/2*d**2. Calculate x(1).
0
Let x(v) = -v**3 - 7*v**2 - 7*v + 8. Let d be x(-6). Suppose 0*m + 14 = -2*m - w, 2*m - w = -d. Let o(y) = y**3 + 7*y**2 + y + 5. What is o(m)?
-2
Let o = 122 - 117. Let f(x) be the second derivative of 0 - x**2 - 1/20*x**o + 3*x + 7/12*x**4 - 2/3*x**3. Calculate f(6).
10
Let c = 3 - 5. Let l(r) = r**2 - 4*r + 6. Let p be l(2). Let u(g) = -9*g + p*g + 3*g + 3*g. Give u(c).
2
Suppose 6*o - 3*o + 21 = -3*y, -o = 3*y + 13. Let f(k) = k**3 + 3*k**2 - 5*k. Let c be f(o). Let m(i) = -i - 1. Determine m(c).
-5
Suppose 9*k - 10 = 6*k - 2*r, 2*k - 4*r = 12. Let f be (((-8)/(-6))/k)/((-5)/15). Let v(a) = 2*a. Calculate v(f).
-2
Let z(k) = -7 + 3 - k - 19. Determine z(0).
-23
Suppose -25*v - 15 = 35. Let c(j) = -j**2 + 3. Give c(v).
-1
Let w(j) = -j**2 - 14. Suppose 0 = -q + 5*q - 0*q. What is w(q)?
-14
Let a(k) = -7*k - 10. Let m(q) be the third derivative of -q**4/24 - q**3/6 + 7*q**2. Let d(i) = a(i) - 6*m(i). Calculate d(0).
-4
Let k(w) = -2*w**2 - 40*w - 12. Let v(h) = -h**2 - 16*h - 5. Let y(s) = -5*k(s) + 12*v(s). Determine y(7).
-42
Let j(t) = -t + 4. Suppose -3*l - 14 = -4*m, 3*l + 0*m = -m - 19. Let b be 5/(-30) - 25/l. Suppose -22 = 3*a - b*v, 0 = -4*v - v + 5. Calculate j(a).
10
Let m(h) = h + 1. Let o be m(-8). Let u(p) = -4*p**3 - 5*p**2 + 10 - 11*p**2 + 6*p + 5*p**3 + 24*p**2. Give u(o).
17
Let v(x) be the second derivative of 8*x**3/3 - x**2 + 364*x. Calculate v(-2).
-34
Suppose -4*p + 13 = -23. Suppose 8*v - p*v = 3. Let l(t) = t**2 + 5*t + 2. What is l(v)?
-4
Let i(z) = 2*z. Let x(f) = -9*f - 2. Let b(v) = 5*i(v) + x(v). Give b(